a composite number?
False
Let n = 29070 - 16089. Is n a prime number?
False
Suppose -m = -19*m + 1512. Is (6742/(-6))/((-28)/m) composite?
False
Let r = 56505 - -111016. Is r prime?
True
Suppose -2418705 + 17656803 = 54*i. Is i a composite number?
True
Let l = 601340 + -164019. Is l a composite number?
False
Let r(z) = -24 - 24 + 25 + 1704*z - 8. Let h be r(5). Let n = -5998 + h. Is n a prime number?
False
Let c = 70 + -67. Suppose -8337 = -c*n + 3*i, 2*n - 13877 = -3*n - 4*i. Is n composite?
False
Suppose 3*b + 336 = -4*b. Let s = 60 + b. Suppose -s*m = -0*m - 708. Is m prime?
True
Let f(b) = 115*b + 61. Suppose -l = 2*i - 62, i - 2*i + 26 = -2*l. Is f(i) prime?
True
Is -58983*(572/99 - 6)*(-3)/(-2) a prime number?
True
Let z = -25 - -29. Suppose 0*h - h = 4*u - 1519, -2*u + z*h = -746. Is 30/45 + u/3 prime?
True
Let u(j) be the second derivative of -497*j**3/3 + 77*j**2/2 - j + 79. Is u(-20) composite?
True
Let g be -2*1*(1 + 1)*-1. Suppose -g*a = 4*q - 12, 0*a + 13 = a - 4*q. Suppose -n = -a*n + 524. Is n prime?
True
Let x = -74386 - -186473. Is x a composite number?
False
Let p = -2 + -27. Let o = 1095 - 1096. Is (p/4)/(330/(-328) - o) a composite number?
True
Suppose y = -3*w + 1581672, -2636078 = -11*w + 6*w + 3*y. Is w prime?
False
Let d(z) = -z**2 - 3*z - 3. Let i be d(-2). Let v(o) = o + 3. Let y be v(i). Let h(b) = 36*b**3 + b**2 + b - 1. Is h(y) composite?
False
Let b = 471513 - -42184. Is b composite?
False
Let g(y) = -31263*y - 964. Is g(-22) prime?
False
Suppose 722*u - 724*u + 5*x + 3255579 = 0, 0 = 2*u - 4*x - 3255586. Is u a prime number?
True
Let s = 54 + -41. Let k(v) = 13 - 47*v + 34 + s*v. Is k(-15) prime?
True
Let z(l) = -3*l**3 - 173*l**2 - 6*l + 1581. Is z(-98) prime?
True
Is 12504 - ((-27)/9 + 16) a composite number?
False
Suppose -3354078 = -29*f - 13*f. Is f a composite number?
True
Is (((-50824874)/267)/(4/6))/(2/(-2)) prime?
True
Let g be 306*(12/8 - 2)*4. Let s = g + 1859. Is s composite?
True
Let f = 83426 + -33015. Is f a prime number?
True
Let r be 12/1*(-27)/(-6). Let s = r + -51. Suppose -3*a + 4*h + 6877 = -0*h, -s*h = 3*a - 6870. Is a composite?
True
Suppose 0 = -3*o - 5*k + k - 74, -107 = 4*o - 3*k. Let y = 29 + o. Suppose -4*q + 523 = -y*q. Is q a composite number?
False
Let n(i) = 88850*i**3 - 3*i**2 + 8*i - 6. Is n(1) composite?
True
Let k be (-2 - -4) + 0/7. Suppose k*p + 28 = 6*p. Is 5132/p + (-9)/63 a composite number?
False
Let x = 75616 - 53119. Is x composite?
True
Let r be (-2144)/(-24) + 2/(-6). Let a = r + -23. Let i = -9 + a. Is i prime?
False
Let b(w) = w**3 + 6*w**2 + 2*w - 16. Let j be b(-5). Let h(x) = -4316*x**3 + 2*x**2 + 11*x + 10. Is h(j) a prime number?
False
Let q(g) = 7*g**2 - 86*g + 1731. Is q(34) composite?
False
Suppose 4*r - 2*r = -z - 13, -5*r = 3*z + 30. Let f be 0/(1 - -1) + (-18)/r. Suppose 1991 = 5*l - f*o + 4*o, -o + 797 = 2*l. Is l composite?
False
Let g be 5/(-2)*156/(-65). Let b be g + 4/(16/4). Let c(w) = w**3 - 6*w**2 + 11*w + 19. Is c(b) a composite number?
True
Suppose -5*a - 1644 + 5134 = 0. Suppose 9*l - 1957 - a = 0. Let p = 12 + l. Is p a composite number?
False
Let d be 10*(-9)/(-36)*16. Suppose 38*p - d*p = -1318. Is p a prime number?
True
Suppose 8*x - 4*x = 0. Suppose n + 0*n + 26053 = 2*k, -4*k + 4*n + 52104 = x. Is k composite?
True
Let i be -5*((-1)/3 - 24/36). Suppose i*r + 4*l = 3*l + 37, 2*r = -4*l + 22. Let x(t) = 79*t - 32. Is x(r) a composite number?
False
Let p = -127 - -134. Let d(f) = 7639*f - 206. Is d(p) prime?
True
Let c be (40/(-16))/(5/(-40)). Suppose -175545 = -25*o - c*o. Is o prime?
False
Suppose 3*q - 2*w = 880151, -2*w + 3629 = 3613. Is q a composite number?
True
Let l = 1707 + -2471. Let g = l + 5511. Is g a composite number?
True
Suppose -10 = -5*t - 5. Suppose 4*j + t + 7 = -4*i, -3*i = -3*j + 24. Suppose j*n - 598 = 1091. Is n prime?
True
Let l(w) = w**3 + 8*w**2 + 8*w - 11. Let m be l(-5). Suppose 0 = -38*o + m*o + 42854. Is o a composite number?
False
Suppose -6*t - 1185 = -x - 8*t, 0 = 4*x - 3*t - 4740. Suppose 5*d - 3489 = 2*a, 5*a + x = 4*d - 1613. Is d a prime number?
False
Let z be -3*(-10 + 11) + 7. Let y(l) = -224*l - 3. Let c be y(-3). Suppose -a - b + c = 0, -z*b = a - 408 - 249. Is a composite?
False
Let t(n) be the third derivative of -11*n**7/1008 - 11*n**6/240 - 4*n**5/15 - 19*n**2. Let s(l) be the third derivative of t(l). Is s(-14) a composite number?
True
Suppose -18*z - 25458 = -2*y - 23*z, -12751 = -y + 3*z. Is y a prime number?
True
Let v(m) be the second derivative of 11*m**5/5 - 11*m**3/6 + 2*m**2 - 35*m. Is v(5) prime?
True
Let x(t) = -388*t**3 - t - 1. Let d be x(-1). Suppose 3*o - d = 305. Suppose -4*q - 4*y + 1180 = 0, 4*q + 3*y - o = 947. Is q a composite number?
False
Is (-972478 + -3)/((2/3)/((-6)/9)) prime?
True
Suppose 0 = 3*n + 2*n + 855. Let l = n + 1610. Is l composite?
False
Let m(j) = -94*j**3 - 26*j**2 + 6*j + 7. Let z be m(-7). Suppose 132428 = 11*v - z. Is v a composite number?
False
Let f(o) = -60*o**2 + 6*o + 7. Let p be f(8). Suppose -5*n - 5435 - 2829 = 4*t, t + 8276 = -5*n. Let m = n - p. Is m a prime number?
True
Suppose -8*g + 199 = 143. Let x(d) = 5*d**3 - 7*d**2 + 12*d - 45. Is x(g) composite?
True
Let u(k) = -54*k + 108. Let f be u(2). Suppose 5*j - 4*q - 250157 = f, 0 = 3*j + 8*q - 4*q - 150107. Is j a composite number?
False
Is 445/(-89)*4/(40/(-6168494)) prime?
True
Suppose -298885 = -2*p - g, 8*p - 12*p = 7*g - 597785. Is p a prime number?
True
Let k(f) = -204*f + 23. Suppose -2*v + 0*v = -6. Suppose x - 53 = v*q, x + 13 = -q - x. Is k(q) a composite number?
False
Let y(m) = -4897*m + 7. Let u be y(-1). Let i = u + -2911. Is i a prime number?
True
Let s(i) = 17*i**2 - 6*i - 8. Let w be s(7). Suppose 3*v + 4*k - 983 = 1374, -4*k = v - w. Is v a composite number?
False
Suppose -12383 = -5*f - 4*v - 3788, -5*f + 5*v + 8640 = 0. Is f a prime number?
True
Is (-2)/(((-32)/(-24))/4)*(-25562)/4 a prime number?
False
Let t = 65 + -61. Suppose t*u - 3532 = -5*f, 444 = f + 2*u - 260. Suppose 0*q - 4*q = -f. Is q composite?
True
Let a be (-3)/(6/10) - 0/(-5 + 1). Let j(k) = -3*k**2 + 7*k + 3*k**3 - 11*k**3 + 11 - 8*k**3. Is j(a) a composite number?
False
Let r(d) = -14*d**2 - 10*d + 21. Let w(p) = 2*p**2 - 16*p**2 + 959*p**3 + 21 - 11*p - 960*p**3. Let v(k) = 3*r(k) - 2*w(k). Is v(10) prime?
True
Is (-9 + -1 - -4) + 98189 + -16 composite?
True
Let y(b) be the first derivative of 14*b**3 - 2*b + 27. Let k be y(-2). Suppose 6 = -2*v, -k + 617 = o + 4*v. Is o composite?
False
Let t(x) = 107*x**2 - 41*x - 2697. Is t(-31) a composite number?
True
Let u be (1*72/15)/((-2)/10). Is (-4)/24 + (-198028)/u a prime number?
False
Suppose 10*v - 80*v + 5582990 = 0. Is v prime?
True
Suppose -g + 13*g = 456. Suppose -g*b = -30*b - 1784. Is b a prime number?
True
Let j be (-3 - 0)/6 - 19/2. Let t be j/((-1 - 0) + -1). Suppose 0 = -4*n - 2*f + 4236, -t*n + 2*f - f + 5309 = 0. Is n composite?
False
Let r = 50 + -47. Suppose 4*f + 3*q - 35 = 0, -2*f - r*q - q = -20. Suppose -6*y + f*y - 446 = 0. Is y a prime number?
True
Suppose -3*y + 6*y - 4*f - 40818 = 0, -4*y = -3*f - 54417. Suppose -187*d + y = -181*d. Is d composite?
False
Let a = 200 + -103. Suppose -m + a = -84. Suppose -5*o - 10 = 0, q + o + o = m. Is q a composite number?
True
Suppose 29*o + 27 = 38*o. Suppose -3*y + 2886 = o*d, 3824 = 3*y + y - 2*d. Is y prime?
False
Let b be 80/15 - 4 - (-16)/6. Is b + -9 - -48*168 a composite number?
False
Suppose -6 = -5*r - 3*w + 3, -2*r + 15 = 5*w. Is -5 + (-3872)/(-2) - r a prime number?
True
Suppose 58580 = -10*r + 313150. Is r a composite number?
False
Let g = -76 - -136. Suppose 5*d - g = -0*d. Suppose -105 = -17*o + d*o. Is o a composite number?
True
Let h = 2060170 + -1467353. Is h composite?
True
Suppose 4*x - 14*x = -30. Suppose 6*u - 3393 = -5*n + 8*u, -u - 2035 = -x*n. Is n a composite number?
False
Let p = -2383 + 259. Let x = -913 - p. Is x prime?
False
Is 4 + 3 - (-7 - 48659) a prime number?
True
Let q be (4/(-6) - 1)/(5/(-15)). Suppose 2*h + 6050 + 15085 = q*c, 4*h - 12681 = -3*c. Is c a prime number?
False
Suppose 3*t - 1337866 = 3*n - 3319816, 3*n - 1981932 = 5*t. Is n prime?
True
Is (-36)/48*-12 + 404006 prime?
False
Let v(n) = n - 13. Let a be v(5). Let u = 11 + a. Suppose u*j = -5*d + 149